995
What is 15370 (base 8) in base 13?
31b1
210211001 (base 3) to base 13
7315
What is -5290 (base 11) in base 6?
-52220
What is 211 (base 3) in base 2?
10110
464 (base 13) to base 5
11013
What is 111110 (base 2) in base 14?
46
Convert -830 (base 11) to base 5.
-13001
a66 (base 14) to base 11
15a4
-210155 (base 6) to base 8
-41027
1220210100 (base 3) to base 15
b2c0
Convert 13100003 (base 4) to base 16.
7403
What is 10001011000110110 (base 2) in base 5?
4234342
10001100120 (base 3) to base 13
21432
-20121112 (base 3) to base 9
-6545
Convert 1a91 (base 14) to base 12.
2967
What is 1e94 (base 16) in base 6?
100124
What is -11100101110 (base 2) in base 3?
-2112002
Convert 11000010000001 (base 2) to base 12.
7229
What is 18c9 (base 14) in base 8?
10611
Convert 31438 (base 9) to base 12.
1002b
100222120 (base 3) to base 15
2253
Convert -122212112 (base 3) to base 9.
-18775
Convert -1900 (base 11) to base 2.
-100101110100
Convert -7252 (base 10) to base 15.
-2237
Convert -28347 (base 9) to base 8.
-45450
5886 (base 13) to base 12
7253
What is 129 (base 12) in base 7?
342
What is -4780 (base 10) in base 4?
-1022230
What is 5522 (base 6) in base 3?
1202012
What is -1110001111 (base 2) in base 15?
-40b
2121021 (base 3) to base 12
1121
Convert 4 (base 10) to base 3.
11
Convert -1210 (base 9) to base 2.
-1110000100
What is -e57 (base 16) in base 11?
-2838
-138 (base 15) to base 14
-15c
Convert -42361 (base 8) to base 10.
-17649
28601 (base 10) to base 7
146246
Convert -2038 (base 9) to base 12.
-a45
Convert -1155 (base 11) to base 15.
-6ac
Convert 285 (base 13) to base 9.
546
Convert 141 (base 6) to base 13.
49
Convert -262 (base 13) to base 5.
-3133
-23536 (base 8) to base 5
-310303
Convert -2044 (base 5) to base 6.
-1134
Convert -e7 (base 15) to base 10.
-217
1000100100011 (base 2) to base 7
15535
3224 (base 5) to base 9
537
267 (base 11) to base 5
2230
-3000320 (base 4) to base 2
-11000000111000
What is -12100222 (base 3) in base 4?
-331022
What is 14145 (base 6) in base 11?
1743
-633 (base 14) to base 8
-2305
2210 (base 14) to base 16
1706
What is -387 (base 10) in base 15?
-1ac
What is 4165 (base 12) in base 13?
3329
Convert -466 (base 13) to base 9.
-1034
What is -783 (base 11) in base 8?
-1652
Convert 557 (base 11) to base 7.
1642
79e9 (base 16) to base 4
13213221
What is -10011010 (base 2) in base 7?
-310
What is 2200 (base 5) in base 6?
1220
What is -101a5 (base 12) in base 9?
-31728
Convert -228 (base 16) to base 14.
-2b6
Convert -36025 (base 10) to base 16.
-8cb9
What is -234535 (base 6) in base 8?
-50033
-200112200 (base 3) to base 11
-a17a
What is 4b (base 12) in base 7?
113
11111100 (base 2) to base 6
1100
12003 (base 5) to base 15
3d8
What is -220320 (base 4) in base 9?
-3526
Convert 1100110000 (base 2) to base 14.
424
Convert 11000000010 (base 2) to base 16.
602
-185 (base 16) to base 14
-1db
-14566 (base 8) to base 4
-1211312
-4423 (base 7) to base 9
-2151
What is -333 (base 11) in base 9?
-483
Convert 2861a (base 12) to base 8.
155566
Convert -42445 (base 7) to base 12.
-6107
622 (base 12) to base 8
1572
Convert -c10c (base 13) to base 11.
-18a42
What is 224102 (base 5) in base 2?
1111101011011
Convert 284a (base 16) to base 14.
3a8a
Convert -3355 (base 9) to base 11.
-1955
22155 (base 9) to base 5
432321
Convert 10011121 (base 3) to base 10.
2311
Convert -56c (base 15) to base 9.
-1613
Convert -757 (base 11) to base 5.
-12114
532 (base 8) to base 4
11122
What is -432 (base 8) in base 9?
-343
What is 3a0 (base 13) in base 2?
1001111101
Convert 2312 (base 8) to base 5.
14401
Convert 897 (base 15) to base 13.
b65
-1234 (base 7) to base 11
-394
-332 (base 11) to base 4
-12032
-2400 (base 6) to base 14
-2d2
Convert 14041 (base 6) to base 9.
2887
What is -1126c (base 13) in base 6?
-400214
10001110101001 (base 2) to base 11
694a
12412 (base 5) to base 15
457
-3428 (base 12) to base 16
-16a0
-ccc (base 13) to base 6
-14100
-1020103 (base 4) to base 10
-4627
What is -14250 (base 6) in base 3?
-10002210
-395 (base 14) to base 10
-719
81a7 (base 16) to base 10
33191
Convert -215 (base 14) to base 5.
-3121
What is -678 (base 13) in base 10?
-1113
What is 61 (base 16) in base 10?
97
-798d (base 16) to base 14
-b4a9
2145 (base 6) to base 7
1310
Convert -112001 (base 8) to base 10.
-37889
Convert b83 (base 12) to base 16.
693
Convert 169b (base 15) to base 4.
1030013
What is -539 (base 12) in base 2?
-1011111101
1232 (base 12) to base 6
13302
Convert -1603 (base 9) to base 6.
-5350
Convert 11100101000001 (base 2) to base 8.
34501
26 (base 10) to base 8
32
4a5 (base 11) to base 5
4344
-ccfd (base 16) to base 2
-1100110011111101
What is 222 (base 16) in base 7?
1410
What is -101101000111010 (base 2) in base 12?
-1144a
What is 101110010 (base 2) in base 6?
1414
Convert 177 (base 11) to base 7.
412
6376 (base 14) to base 6
211232
Convert 25152 (base 6) to base 5.
104430
What is -33204 (base 7) in base 11?
-6297
Convert -12220 (base 3) to base 10.
-159
-cb6 (base 15) to base 4
-230313
ac1 (base 13) to base 12
109b
What is -268 (base 10) in base 8?
-414
395aa (base 11) to base 3
2212200022
8393 (base 12) to base 3
201201010
-1214 (base 11) to base 14
-816
-68408 (base 9) to base 13
-17954
1420004 (base 5) to base 12
15003
What is -70b (base 14) in base 16?
-567
-51c (base 16) to base 10
-1308
Convert -21221 (base 4) to base 6.
-2505
-52833 (base 9) to base 11
-24285
-28a (base 16) to base 8
-1212
What is -26b5 (base 14) in base 4?
-1222213
1513 (base 10) to base 3
2002001
-332221 (base 5) to base 14
-42db
-34214 (base 5) to base 16
-982
-33022 (base 4) to base 13
-598
2792 (base 10) to base 3
10211102
Convert -1000101110110000 (base 2) to base 14.
-d064
Convert -15446 (base 7) to base 4.
-1003322
What is -5e2a (base 16) in base 14?
-8adc
25344 (base 6) to base 14
1560
Convert -5298 (base 14) to base 15.
-434b
Convert -496c (base 15) to base 8.
-36413
What is -140 (base 14) in base 15?
-11c
-242210 (base 6) to base 11
-14a65
Convert -1376 (base 9) to base 16.
-411
What is 144052 (base 6) in base 12?
8028
What is -46067 (base 8) in base 15?
-5bab
What is a82 (base 13) in base 5?
24141
Convert -3014 (base 15) to base 9.
-14821
Convert -125221 (base 6) to base 14.
-42bb
What is -186 (base 13) in base 12?
-1b3
2774 (base 8) to base 14
7b6
What is 38a9 (base 13) in base 9?
12070
Convert -c65 (base 13) to base 2.
-100000111111
-11 (base 13) to base 8
-16
-15b (base 12) to base 13
-137
What is 210110020 (base 3) in base 12?
9073
What is 12210122 (base 3) in base 10?
4229
Convert -1077 (base 15) to base 5.
-102422
Convert 231 (base 6) to base 9.
111
What is 156 (base 10) in base 6?
420
2 (base 7) to base 11
2
What is -392 (base 10) in base 16?
-188
Convert -585 (base 9) to base 4.
-13202
Convert -13123 (base 4) to base 8.
-733
37417 (base 8) to base 2
11111100001111
-838a (base 12) to base 2
-11100000011010
What is -b28a (base 12) in base 6?
-225454
Convert a59 (base 11) to base 9.
1665
-110111001001 (base 2) to base 7
-13201
-4b97 (base 13) to base 3
-112202221
What is 2514 (base 10) in base 7?
10221
Convert 55236 (base 8) to base 11.
1647a
Convert -33023 (base 5) to base 9.
-3084
571 (base 12) to base 3
1002211
-850 (base 11) to base 16
-3ff
Convert 10101101000 (base 2) to base 5.
21014
What is -410 (base 11) in base 6?
-2143
What is 16730 (base 8) in base 11?
5816
110111011011 (base 2) to base 6
24231
Convert -1 (base 14) to base 4.
-1
330023 (base 4) to base 2
111100001011
Convert -5208 (base 11) to base 12.
-3bb5
662 (base 12) to base 2
1110101010
-370 (base 10) to base 6
-1414
6107 (base 11) to base 6
101322
Convert -3a0 (base 14) to base 11.
-602
What is -39571 (base 10) in base 8?
-115223
-53653 (base 7) to base 9
-20301
21000112 (base 3) to base 14
1c17
Convert -21354 (base 9) to base 11.
-a698
-2 (base 9) to base 15
-2
Convert 761 (base 9) to base 11.
516
What is -3034 (base 5) in base 3?
-112121
Convert -b233 (base 13) to base 16.
-5fe3
4db (base 14) to base 15
452
Convert -101101101 (base 2) to base 9.
-445
What is -1ab (base 14) in base 8?
-533
30 (base 7) to base 8
25
What is 317 (base 11) in base 12?
279
Convert 3688 (base 10) to base 13.
18a9
129a (base 13) to base 12
165a
Convert 114540 (base 6) to base 15.
3010
What is -a74 (base 13) in base